 + 14242. Is ((-6)/(-3))/(6/g) composite?
False
Suppose -n = -49 - 98. Suppose n*s - 31276 = 143*s. Is s prime?
False
Let n be -4 - -4 - (-3 + -1). Suppose -5*o = -2*h + 12 + 11, -n*o = h + 8. Is -521*2*h/(-8) prime?
True
Suppose 0 = 5*d + 4*m - 34229 - 83171, 5*m - 23501 = -d. Suppose -14*r = -153442 - d. Is r a composite number?
False
Suppose 8193765 = 155*s + 1035930 - 5157070. Is s a composite number?
False
Let x = 18 + -16. Suppose 3*l + v = 0, -7*l = -x*l - 4*v. Suppose -2*c + 4*t + 11162 = l, 4*c + 2*t - 22369 = t. Is c a prime number?
True
Let v(n) = -1154*n - 1529. Is v(-12) prime?
False
Is (13095/(-675))/((-2)/6070) a composite number?
True
Let q = 69 + -53. Let j(p) = p**3 + 7*p**2 - 15*p - 57. Is j(q) a composite number?
False
Let k(b) be the first derivative of -40*b**2 - 257*b + 319. Is k(-45) a composite number?
False
Let p = 26800 - -32037. Is p a composite number?
True
Suppose -v - 710 = -11*v. Suppose 65*i = v*i - 12702. Is i a composite number?
True
Suppose 0 = 60*t + 4396067 - 11113007. Is t composite?
False
Let b(d) = 0*d**2 - 3*d**3 + 8*d**3 - d - 5*d**2 - 8. Let s be (10/(-8))/(24/(-96)). Is b(s) composite?
False
Let k = 670 - 577. Suppose 89*f = k*f - 31852. Is f a composite number?
False
Suppose 0 = -78*w + 65*w. Is (-3061)/(-3)*(3 + w) + 2 composite?
True
Let b = -3533 + 9039. Suppose 0 = -13*f - 839 + b. Is f a composite number?
False
Let d(c) = 515*c**3 + 3*c**2 - 59*c + 10. Is d(7) a composite number?
False
Suppose 18*v + 0*v = -3654. Let j = 580 + v. Is j composite?
True
Suppose -5*k = -8*k + 2*o + 2, k - 19 = -3*o. Let d be (4177 - -3 - k) + (-2)/(-2). Suppose 9*w + 631 = d. Is w composite?
True
Suppose -174 = 2*d + 3*d - i, -d - 14 = 5*i. Let n be d/4 + 7/14. Is n/(-1 - 3) + (-1138)/(-2) a prime number?
True
Suppose -4*v + 1 = -3*n, 5*v - 2 - 38 = -4*n. Suppose v*i - 8 = 3*i + 4*j, -2*i = -j - 9. Is 1213*(0 - i/(-4)) a prime number?
True
Suppose 17*s + 10*s - 5481 = 0. Suppose -d + s = -432. Is d prime?
False
Let u be 11857 + 0/(-1) + -5. Let p = u + -219. Is p a composite number?
False
Let u(t) = -t**3 + t**2 - t + 3. Let q(a) = -2*a**2 + a - 3. Let m = 6 - 10. Let w(b) = m*u(b) - 3*q(b). Is w(4) a prime number?
False
Suppose -5*z + 16*x - 18*x = -480855, 2*x + 192328 = 2*z. Is z a composite number?
True
Suppose -3*c + 5848 + 13052 = 0. Suppose 6*y - 3054 = c. Is y a prime number?
True
Let a(g) = 13876*g - 10891. Is a(59) a composite number?
True
Suppose 10*u - 52*u - 19*u + 2219119 = 0. Is u a prime number?
False
Let b(y) = y**3 + 2*y**2 - 3. Let g be b(-3). Let m(u) = -29 + 84*u**3 - 245*u**3 + 84*u**3 + 10*u + 78*u**3 + 14*u**2. Is m(g) a prime number?
True
Let m(c) = -14*c**2 + 14*c - 9465. Let h(f) = -5*f**2 + 5*f - 3155. Let u(v) = 11*h(v) - 4*m(v). Let a be u(0). Suppose -6*g + g + a = 0. Is g prime?
True
Let r be ((-35)/(-2))/(-7)*(-11 - -1). Suppose 0 = o + h - 5032, 5*h + 0*h - r = 0. Is o composite?
True
Suppose -5*y - 10*j = -5*j - 13845, 5*j + 25 = 0. Let o = y - 843. Is o prime?
True
Let a(h) = 2858*h + 3579. Is a(16) composite?
False
Let u(t) = -6*t + 38. Let m be u(5). Let r(z) = -7*z - 43. Let o be r(-6). Is 1561/o*(-2)/m*4 a prime number?
False
Suppose 443*q = 446*q - 784497. Is q a composite number?
True
Let n be (-10)/5 + 0 - (-6 - -1). Suppose n*w = 83 - 29. Suppose -2*m = -w*m + 59792. Is m prime?
False
Let i = 193765 + -97122. Is i a prime number?
True
Suppose 0 = 3*v + 5*m - 57216, 388 = 3*m + 379. Is v composite?
True
Let q = 279 + -276. Suppose 2*w + q*f = 11041, -4*w + w = 4*f - 16561. Is w a prime number?
True
Let j = 118656 + -75363. Is j a composite number?
True
Suppose -195843 = -6088*n + 6085*n. Is n a composite number?
True
Let k be 102/21 - 6/(-42). Suppose -2*p - 4967 = -k*o, 2*o - p - 1987 = -0*o. Is o a composite number?
True
Let x(b) = 38*b**3 - 10*b**2 + 10*b - 9. Let a(k) = 2*k**3 + 14*k**2 + 15*k + 23. Let r be a(-6). Is x(r) prime?
False
Suppose 9*k + 18 = 63. Suppose k*u + 5*u = 50. Suppose -565 = -5*x - u*r, 329 = 2*x + x + 5*r. Is x composite?
True
Let w = 71 + -49. Suppose 0 = 7*p - w - 20. Suppose 0 = p*u - 8*u + 1174. Is u a prime number?
True
Suppose 3*r + s = -7, -3*s - 13 = -0*r + r. Is (-8)/2*5971/4*r a prime number?
False
Let i(z) = -12*z**2 - 66 - 84 + 169 - 3*z - 3*z**3. Is i(-9) composite?
True
Let p be (18/4)/(18/12). Let v(t) = 315*t**3 + 2*t**2 - 9*t + 1. Is v(p) a composite number?
True
Let y(j) = 64*j**2 - 13*j + 31. Is y(4) composite?
True
Suppose 2*g + 1205 = 1891 + 2056. Is g composite?
True
Let n(y) = 6966*y - 37. Is n(10) a composite number?
False
Suppose -10*i - 25*i + 9416365 = 0. Is i a prime number?
True
Let w(a) = 15*a**2 + 133*a + 689. Is w(-25) composite?
True
Let v(i) = 15*i**3 - 2*i**2 + 11*i + 7. Is v(4) a composite number?
True
Let u(v) = v**3 + 7*v**2 - 48. Let q be u(-5). Let x(s) = -14*s**3 - 3*s**2 - 4. Let h be x(-3). Suppose -h = -q*o + 999. Is o prime?
True
Is (-294)/(-98)*(3 - (-949566)/9) composite?
False
Let o be 557 - 7/(-28)*-32. Let c(i) = -29*i**3 + 5*i**2 + 3*i + 6. Let b be c(-4). Let z = o + b. Is z composite?
True
Let b = -22 - -20. Let w = 2 + b. Suppose w*i = -5*i + 2445. Is i a composite number?
True
Suppose 7*g + 12 = 5*g + 3*s, 0 = 3*g - 4*s + 18. Let u(o) = -160*o - 89. Is u(g) a prime number?
False
Let p(k) = -6725*k + 397. Is p(-5) a composite number?
True
Let m = 46 + -42. Suppose -2*s = -m*s + 64502. Is s prime?
True
Is 3 - 94/30 - (-5 - (-1208943338)/(-510)) prime?
False
Let t(x) = -2*x**3 + 2*x**2 - 8*x - 19. Let a be -6 + (-6)/(-10) - 3/5. Is t(a) prime?
False
Let l(x) = 78268*x + 239. Is l(5) a prime number?
True
Let m(h) be the second derivative of -h**5/10 - 3*h**4/4 - 4*h**3 - 2*h**2 + h - 25. Is m(-5) prime?
False
Let v = 19326 + -11434. Suppose -7*i + 3*i = -v. Is i a prime number?
True
Suppose 6*i + 8 = 10*i. Suppose 5*k + 2*m - 35 = 0, 5*m - 7 = i*k - 21. Suppose 4*f + 2*x = 2600, k*f = 5*f + 5*x + 1288. Is f a composite number?
True
Suppose -3*w - 6 = 15. Let i = -17 + 29. Let a = i - w. Is a a prime number?
True
Let y(k) be the second derivative of -k**3/3 - 19*k**2/2 + 10*k. Let q be y(-13). Suppose 320 = -2*a + q*a - g, 2*a - 2*g - 120 = 0. Is a composite?
True
Let q(z) = 41*z**2 + 2*z + 5. Let y(c) = 42*c**2 + c + 4. Let a(s) = -3*q(s) + 4*y(s). Is a(-2) prime?
False
Suppose -3*s + 5 = -4*s. Let j(w) be the third derivative of -w**6/60 - w**5/30 - w**4/8 + w**3/3 + 3*w**2. Is j(s) prime?
False
Let q(h) = -h**2 - 4. Let o be q(0). Is 480412/32 - o/32 a composite number?
False
Suppose 4*l - 3*k = 1957199, -3*k + 176939 = -2*l + 1155540. Is l a composite number?
False
Let m be (-1 + 80)/(1 + 4/(-6)). Let g = 490 - m. Is g a prime number?
False
Suppose 2*m + 3*f = 2322, -3*m - 2*m = 2*f - 5805. Suppose -p + m = 4417. Let y = p + 6149. Is y composite?
True
Let c = -23648 - -34489. Is c prime?
False
Let k(b) = 2*b**3 + 10*b**2 + 6*b - 2. Let x be k(-4). Is x/8 + 125783/28 a composite number?
False
Let z(k) = -5*k**3 - 2*k**2 - 2*k + 126. Is z(-13) prime?
True
Is 2/(-6) - (-39713312)/402 composite?
True
Let b = 99 - 95. Let c(f) = -16*f + 24. Let q be c(b). Let z = q - -303. Is z prime?
True
Suppose 949*k = 927*k + 6152762. Is k a composite number?
True
Let d(m) = -m**2 - 4*m + 166117. Let a be d(0). Suppose -3*i = -22*i + a. Is i a composite number?
True
Let r = -5973 + 12666. Let n = 11890 - r. Is n prime?
True
Let n(f) = -f + 40. Suppose 36 = -12*d - 0*d. Let z be 0/1 + d + 120/5. Is n(z) composite?
False
Suppose -6*y = -14*y - 48440. Let i = 11834 + y. Is i a prime number?
True
Let b(m) be the third derivative of 19*m**5/30 - 5*m**3/6 - 2*m**2. Suppose -9*y = -7*y + 4*c + 2, 2*y + 2*c = 8. Is b(y) prime?
False
Let v = 57 - 88. Let i = v - -55. Let p = -22 + i. Is p a prime number?
True
Suppose a - 12 = -4*m - 3*a, 0 = -5*m + 4*a + 6. Is (1338/15)/(m/5) prime?
True
Let x be (4 + -15 - -13)/((-2)/(-4)). Is -17084*(11/x - 3) a prime number?
True
Suppose -s - 1221668 = -11*s - 95458. Is s composite?
False
Suppose 3*p - 899 + 845 = 0. Suppose p*l - 319074 = 48684. Is l prime?
True
Let p(b) = 26*b**2 - 43*b - 59. Is p(28) prime?
True
Let q be (3308/2)/2 + 2*-1. Suppose -21*v + 16*v + q = 0. Suppose 547 = 8*r - v. Is r prime?
True
Let i be -1 - 0 - (-16 - -13). Is ((-8637)/i)/((-16)/(-32))*-1 prim